{"id":20826,"date":"2021-07-19T11:52:16","date_gmt":"2021-07-19T15:52:16","guid":{"rendered":"https:\/\/cqde.org\/personne\/sebastien-brodeur-girard\/"},"modified":"2025-05-23T16:04:16","modified_gmt":"2025-05-23T20:04:16","slug":"sebastien-brodeur-girard","status":"publish","type":"personne","link":"https:\/\/cqde.org\/en\/personne\/sebastien-brodeur-girard\/","title":{"rendered":"S\u00e9bastien Brodeur-Girard"},"content":{"rendered":"<p>S\u00e9bastien Brodeur-Girard is a member of the Barreau du Qu\u00e9bec (Quebec bar association) and a professor at the School of Indigenous Studies of Universit\u00e9 du Qu\u00e9bec en Abitibi-T\u00e9miscamingue (UQAT), where he teaches, among other things, the law of Indigenous peoples and Indigenous legal systems. He holds a doctorate in history from \u00c9cole des Hautes \u00c9tudes en Sciences Sociales in Paris and has worked for several years in the social sciences field. He is the author of popular historical works, textbooks, and educational materials. He is currently writing a doctoral thesis in law for Universit\u00e9 de Montr\u00e9al on the reconciliation of Indigenous and Western state law systems, for which he received a grant from the Pierre Elliott Trudeau Foundation. He recently served as co-director of research for the Public Inquiry Commission on relations between Indigenous Peoples and certain public services: listening, reconciliation and progress. In his spare time, he is also an environmental activist in his adopted region of Abitibi.<\/p>\n","protected":false},"featured_media":19184,"template":"","meta":{"_acf_changed":false},"departement":[943],"class_list":["post-20826","personne","type-personne","status-publish","has-post-thumbnail","hentry","departement-legal-committee"],"acf":[],"yoast_head":"<!-- This site is optimized with the Yoast SEO plugin v27.5 - https:\/\/yoast.com\/product\/yoast-seo-wordpress\/ -->\n<title>S\u00e9bastien Brodeur-Girard | CQDE<\/title>\n<meta name=\"robots\" content=\"index, follow, max-snippet:-1, max-image-preview:large, max-video-preview:-1\" \/>\n<link rel=\"canonical\" href=\"https:\/\/cqde.org\/en\/personne\/sebastien-brodeur-girard\/\" \/>\n<meta property=\"og:locale\" content=\"en_US\" \/>\n<meta property=\"og:type\" content=\"article\" \/>\n<meta property=\"og:title\" content=\"S\u00e9bastien Brodeur-Girard | CQDE\" \/>\n<meta property=\"og:description\" content=\"S\u00e9bastien Brodeur-Girard is a member of the Barreau du Qu\u00e9bec (Quebec bar association) and a professor at the School of Indigenous Studies of Universit\u00e9 du Qu\u00e9bec en Abitibi-T\u00e9miscamingue (UQAT), where he teaches, among other things, the law of Indigenous peoples and Indigenous legal systems. He holds a doctorate in history from \u00c9cole des Hautes \u00c9tudes [&hellip;]\" \/>\n<meta property=\"og:url\" content=\"https:\/\/cqde.org\/en\/personne\/sebastien-brodeur-girard\/\" \/>\n<meta property=\"og:site_name\" content=\"CQDE - Ensemble, pour un droit au service de l&#039;environnement\" \/>\n<meta property=\"article:modified_time\" content=\"2025-05-23T20:04:16+00:00\" \/>\n<meta property=\"og:image\" content=\"https:\/\/cqde.org\/wp-content\/uploads\/2021\/07\/sebastien_brodeur_girard-1-scaled-2.jpg\" \/>\n\t<meta property=\"og:image:width\" content=\"1921\" \/>\n\t<meta property=\"og:image:height\" content=\"2560\" \/>\n\t<meta property=\"og:image:type\" content=\"image\/jpeg\" \/>\n<meta name=\"twitter:card\" content=\"summary_large_image\" \/>\n<meta name=\"twitter:label1\" content=\"Est. reading time\" \/>\n\t<meta name=\"twitter:data1\" content=\"1 minute\" \/>\n<script type=\"application\/ld+json\" class=\"yoast-schema-graph\">{\"@context\":\"https:\\\/\\\/schema.org\",\"@graph\":[{\"@type\":\"WebPage\",\"@id\":\"https:\\\/\\\/cqde.org\\\/en\\\/personne\\\/sebastien-brodeur-girard\\\/\",\"url\":\"https:\\\/\\\/cqde.org\\\/en\\\/personne\\\/sebastien-brodeur-girard\\\/\",\"name\":\"S\u00e9bastien Brodeur-Girard | CQDE\",\"isPartOf\":{\"@id\":\"https:\\\/\\\/cqde.org\\\/en\\\/#website\"},\"primaryImageOfPage\":{\"@id\":\"https:\\\/\\\/cqde.org\\\/en\\\/personne\\\/sebastien-brodeur-girard\\\/#primaryimage\"},\"image\":{\"@id\":\"https:\\\/\\\/cqde.org\\\/en\\\/personne\\\/sebastien-brodeur-girard\\\/#primaryimage\"},\"thumbnailUrl\":\"https:\\\/\\\/cqde.org\\\/wp-content\\\/uploads\\\/2021\\\/07\\\/sebastien_brodeur_girard-1-scaled-2.jpg\",\"datePublished\":\"2021-07-19T15:52:16+00:00\",\"dateModified\":\"2025-05-23T20:04:16+00:00\",\"breadcrumb\":{\"@id\":\"https:\\\/\\\/cqde.org\\\/en\\\/personne\\\/sebastien-brodeur-girard\\\/#breadcrumb\"},\"inLanguage\":\"en-US\",\"potentialAction\":[{\"@type\":\"ReadAction\",\"target\":[\"https:\\\/\\\/cqde.org\\\/en\\\/personne\\\/sebastien-brodeur-girard\\\/\"]}]},{\"@type\":\"ImageObject\",\"inLanguage\":\"en-US\",\"@id\":\"https:\\\/\\\/cqde.org\\\/en\\\/personne\\\/sebastien-brodeur-girard\\\/#primaryimage\",\"url\":\"https:\\\/\\\/cqde.org\\\/wp-content\\\/uploads\\\/2021\\\/07\\\/sebastien_brodeur_girard-1-scaled-2.jpg\",\"contentUrl\":\"https:\\\/\\\/cqde.org\\\/wp-content\\\/uploads\\\/2021\\\/07\\\/sebastien_brodeur_girard-1-scaled-2.jpg\",\"width\":1921,\"height\":2560},{\"@type\":\"BreadcrumbList\",\"@id\":\"https:\\\/\\\/cqde.org\\\/en\\\/personne\\\/sebastien-brodeur-girard\\\/#breadcrumb\",\"itemListElement\":[{\"@type\":\"ListItem\",\"position\":1,\"name\":\"Home\",\"item\":\"https:\\\/\\\/cqde.org\\\/en\\\/\"},{\"@type\":\"ListItem\",\"position\":2,\"name\":\"S\u00e9bastien Brodeur-Girard\"}]},{\"@type\":\"WebSite\",\"@id\":\"https:\\\/\\\/cqde.org\\\/en\\\/#website\",\"url\":\"https:\\\/\\\/cqde.org\\\/en\\\/\",\"name\":\"CQDE\",\"description\":\"Ensemble, pour un droit au service de l&#039;environnement\",\"publisher\":{\"@id\":\"https:\\\/\\\/cqde.org\\\/en\\\/#organization\"},\"alternateName\":\"Centre qu\u00e9b\u00e9cois du droit de l'environnement\",\"potentialAction\":[{\"@type\":\"SearchAction\",\"target\":{\"@type\":\"EntryPoint\",\"urlTemplate\":\"https:\\\/\\\/cqde.org\\\/en\\\/?s={search_term_string}\"},\"query-input\":{\"@type\":\"PropertyValueSpecification\",\"valueRequired\":true,\"valueName\":\"search_term_string\"}}],\"inLanguage\":\"en-US\"},{\"@type\":\"Organization\",\"@id\":\"https:\\\/\\\/cqde.org\\\/en\\\/#organization\",\"name\":\"CQDE\",\"alternateName\":\"Centre qu\u00e9b\u00e9cois du droit de l'environnement\",\"url\":\"https:\\\/\\\/cqde.org\\\/en\\\/\",\"logo\":{\"@type\":\"ImageObject\",\"inLanguage\":\"en-US\",\"@id\":\"https:\\\/\\\/cqde.org\\\/en\\\/#\\\/schema\\\/logo\\\/image\\\/\",\"url\":\"https:\\\/\\\/cqde.org\\\/wp-content\\\/uploads\\\/2025\\\/02\\\/cqde-logo.svg\",\"contentUrl\":\"https:\\\/\\\/cqde.org\\\/wp-content\\\/uploads\\\/2025\\\/02\\\/cqde-logo.svg\",\"caption\":\"CQDE\"},\"image\":{\"@id\":\"https:\\\/\\\/cqde.org\\\/en\\\/#\\\/schema\\\/logo\\\/image\\\/\"}}]}<\/script>\n<!-- \/ Yoast SEO plugin. -->","yoast_head_json":{"title":"S\u00e9bastien Brodeur-Girard | CQDE","robots":{"index":"index","follow":"follow","max-snippet":"max-snippet:-1","max-image-preview":"max-image-preview:large","max-video-preview":"max-video-preview:-1"},"canonical":"https:\/\/cqde.org\/en\/personne\/sebastien-brodeur-girard\/","og_locale":"en_US","og_type":"article","og_title":"S\u00e9bastien Brodeur-Girard | CQDE","og_description":"S\u00e9bastien Brodeur-Girard is a member of the Barreau du Qu\u00e9bec (Quebec bar association) and a professor at the School of Indigenous Studies of Universit\u00e9 du Qu\u00e9bec en Abitibi-T\u00e9miscamingue (UQAT), where he teaches, among other things, the law of Indigenous peoples and Indigenous legal systems. He holds a doctorate in history from \u00c9cole des Hautes \u00c9tudes [&hellip;]","og_url":"https:\/\/cqde.org\/en\/personne\/sebastien-brodeur-girard\/","og_site_name":"CQDE - Ensemble, pour un droit au service de l&#039;environnement","article_modified_time":"2025-05-23T20:04:16+00:00","og_image":[{"width":1921,"height":2560,"url":"https:\/\/cqde.org\/wp-content\/uploads\/2021\/07\/sebastien_brodeur_girard-1-scaled-2.jpg","type":"image\/jpeg"}],"twitter_card":"summary_large_image","twitter_misc":{"Est. reading time":"1 minute"},"schema":{"@context":"https:\/\/schema.org","@graph":[{"@type":"WebPage","@id":"https:\/\/cqde.org\/en\/personne\/sebastien-brodeur-girard\/","url":"https:\/\/cqde.org\/en\/personne\/sebastien-brodeur-girard\/","name":"S\u00e9bastien Brodeur-Girard | CQDE","isPartOf":{"@id":"https:\/\/cqde.org\/en\/#website"},"primaryImageOfPage":{"@id":"https:\/\/cqde.org\/en\/personne\/sebastien-brodeur-girard\/#primaryimage"},"image":{"@id":"https:\/\/cqde.org\/en\/personne\/sebastien-brodeur-girard\/#primaryimage"},"thumbnailUrl":"https:\/\/cqde.org\/wp-content\/uploads\/2021\/07\/sebastien_brodeur_girard-1-scaled-2.jpg","datePublished":"2021-07-19T15:52:16+00:00","dateModified":"2025-05-23T20:04:16+00:00","breadcrumb":{"@id":"https:\/\/cqde.org\/en\/personne\/sebastien-brodeur-girard\/#breadcrumb"},"inLanguage":"en-US","potentialAction":[{"@type":"ReadAction","target":["https:\/\/cqde.org\/en\/personne\/sebastien-brodeur-girard\/"]}]},{"@type":"ImageObject","inLanguage":"en-US","@id":"https:\/\/cqde.org\/en\/personne\/sebastien-brodeur-girard\/#primaryimage","url":"https:\/\/cqde.org\/wp-content\/uploads\/2021\/07\/sebastien_brodeur_girard-1-scaled-2.jpg","contentUrl":"https:\/\/cqde.org\/wp-content\/uploads\/2021\/07\/sebastien_brodeur_girard-1-scaled-2.jpg","width":1921,"height":2560},{"@type":"BreadcrumbList","@id":"https:\/\/cqde.org\/en\/personne\/sebastien-brodeur-girard\/#breadcrumb","itemListElement":[{"@type":"ListItem","position":1,"name":"Home","item":"https:\/\/cqde.org\/en\/"},{"@type":"ListItem","position":2,"name":"S\u00e9bastien Brodeur-Girard"}]},{"@type":"WebSite","@id":"https:\/\/cqde.org\/en\/#website","url":"https:\/\/cqde.org\/en\/","name":"CQDE","description":"Ensemble, pour un droit au service de l&#039;environnement","publisher":{"@id":"https:\/\/cqde.org\/en\/#organization"},"alternateName":"Centre qu\u00e9b\u00e9cois du droit de l'environnement","potentialAction":[{"@type":"SearchAction","target":{"@type":"EntryPoint","urlTemplate":"https:\/\/cqde.org\/en\/?s={search_term_string}"},"query-input":{"@type":"PropertyValueSpecification","valueRequired":true,"valueName":"search_term_string"}}],"inLanguage":"en-US"},{"@type":"Organization","@id":"https:\/\/cqde.org\/en\/#organization","name":"CQDE","alternateName":"Centre qu\u00e9b\u00e9cois du droit de l'environnement","url":"https:\/\/cqde.org\/en\/","logo":{"@type":"ImageObject","inLanguage":"en-US","@id":"https:\/\/cqde.org\/en\/#\/schema\/logo\/image\/","url":"https:\/\/cqde.org\/wp-content\/uploads\/2025\/02\/cqde-logo.svg","contentUrl":"https:\/\/cqde.org\/wp-content\/uploads\/2025\/02\/cqde-logo.svg","caption":"CQDE"},"image":{"@id":"https:\/\/cqde.org\/en\/#\/schema\/logo\/image\/"}}]}},"_links":{"self":[{"href":"https:\/\/cqde.org\/en\/wp-json\/wp\/v2\/personne\/20826","targetHints":{"allow":["GET"]}}],"collection":[{"href":"https:\/\/cqde.org\/en\/wp-json\/wp\/v2\/personne"}],"about":[{"href":"https:\/\/cqde.org\/en\/wp-json\/wp\/v2\/types\/personne"}],"wp:featuredmedia":[{"embeddable":true,"href":"https:\/\/cqde.org\/en\/wp-json\/wp\/v2\/media\/19184"}],"wp:attachment":[{"href":"https:\/\/cqde.org\/en\/wp-json\/wp\/v2\/media?parent=20826"}],"wp:term":[{"taxonomy":"departement","embeddable":true,"href":"https:\/\/cqde.org\/en\/wp-json\/wp\/v2\/departement?post=20826"}],"curies":[{"name":"wp","href":"https:\/\/api.w.org\/{rel}","templated":true}]}}

Sébastien Brodeur-Girard

<p>Sébastien Brodeur-Girard is a member of the Barreau du Québec (Quebec bar association) and a professor at the School of Indigenous Studies of Université du Québec en Abitibi-Témiscamingue (UQAT), where he teaches, among other things, the law of Indigenous peoples and Indigenous legal systems. He holds a doctorate in history from École des Hautes Études en Sciences Sociales in Paris and has worked for several years in the social sciences field. He is the author of popular historical works, textbooks, and educational materials. He is currently writing a doctoral thesis in law for Université de Montréal on the reconciliation of Indigenous and Western state law systems, for which he received a grant from the Pierre Elliott Trudeau Foundation. He recently served as co-director of research for the Public Inquiry Commission on relations between Indigenous Peoples and certain public services: listening, reconciliation and progress. In his spare time, he is also an environmental activist in his adopted region of Abitibi.</p>

<!-- This site is optimized with the Yoast SEO plugin v27.5 - https://yoast.com/product/yoast-seo-wordpress/ -->
<title>Sébastien Brodeur-Girard | CQDE</title>
<meta name="robots" content="index, follow, max-snippet:-1, max-image-preview:large, max-video-preview:-1" />
<link rel="canonical" href="https://cqde.org/en/personne/sebastien-brodeur-girard/" />
<meta property="og:locale" content="en_US" />
<meta property="og:type" content="article" />
<meta property="og:title" content="Sébastien Brodeur-Girard | CQDE" />
<meta property="og:description" content="Sébastien Brodeur-Girard is a member of the Barreau du Québec (Quebec bar association) and a professor at the School of Indigenous Studies of Université du Québec en Abitibi-Témiscamingue (UQAT), where he teaches, among other things, the law of Indigenous peoples and Indigenous legal systems. He holds a doctorate in history from École des Hautes Études [&hellip;]" />
<meta property="og:url" content="https://cqde.org/en/personne/sebastien-brodeur-girard/" />
<meta property="og:site_name" content="CQDE - Ensemble, pour un droit au service de l&#039;environnement" />
<meta property="article:modified_time" content="2025-05-23T20:04:16+00:00" />
<meta property="og:image" content="https://cqde.org/wp-content/uploads/2021/07/sebastien_brodeur_girard-1-scaled-2.jpg" />
	<meta property="og:image:width" content="1921" />
	<meta property="og:image:height" content="2560" />
	<meta property="og:image:type" content="image/jpeg" />
<meta name="twitter:card" content="summary_large_image" />
<meta name="twitter:label1" content="Est. reading time" />
	<meta name="twitter:data1" content="1 minute" />
<script type="application/ld+json" class="yoast-schema-graph">{"@context":"https:\/\/schema.org","@graph":[{"@type":"WebPage","@id":"https:\/\/cqde.org\/en\/personne\/sebastien-brodeur-girard\/","url":"https:\/\/cqde.org\/en\/personne\/sebastien-brodeur-girard\/","name":"Sébastien Brodeur-Girard | CQDE","isPartOf":{"@id":"https:\/\/cqde.org\/en\/#website"},"primaryImageOfPage":{"@id":"https:\/\/cqde.org\/en\/personne\/sebastien-brodeur-girard\/#primaryimage"},"image":{"@id":"https:\/\/cqde.org\/en\/personne\/sebastien-brodeur-girard\/#primaryimage"},"thumbnailUrl":"https:\/\/cqde.org\/wp-content\/uploads\/2021\/07\/sebastien_brodeur_girard-1-scaled-2.jpg","datePublished":"2021-07-19T15:52:16+00:00","dateModified":"2025-05-23T20:04:16+00:00","breadcrumb":{"@id":"https:\/\/cqde.org\/en\/personne\/sebastien-brodeur-girard\/#breadcrumb"},"inLanguage":"en-US","potentialAction":[{"@type":"ReadAction","target":["https:\/\/cqde.org\/en\/personne\/sebastien-brodeur-girard\/"]}]},{"@type":"ImageObject","inLanguage":"en-US","@id":"https:\/\/cqde.org\/en\/personne\/sebastien-brodeur-girard\/#primaryimage","url":"https:\/\/cqde.org\/wp-content\/uploads\/2021\/07\/sebastien_brodeur_girard-1-scaled-2.jpg","contentUrl":"https:\/\/cqde.org\/wp-content\/uploads\/2021\/07\/sebastien_brodeur_girard-1-scaled-2.jpg","width":1921,"height":2560},{"@type":"BreadcrumbList","@id":"https:\/\/cqde.org\/en\/personne\/sebastien-brodeur-girard\/#breadcrumb","itemListElement":[{"@type":"ListItem","position":1,"name":"Home","item":"https:\/\/cqde.org\/en\/"},{"@type":"ListItem","position":2,"name":"Sébastien Brodeur-Girard"}]},{"@type":"WebSite","@id":"https:\/\/cqde.org\/en\/#website","url":"https:\/\/cqde.org\/en\/","name":"CQDE","description":"Ensemble, pour un droit au service de l&#039;environnement","publisher":{"@id":"https:\/\/cqde.org\/en\/#organization"},"alternateName":"Centre québécois du droit de l'environnement","potentialAction":[{"@type":"SearchAction","target":{"@type":"EntryPoint","urlTemplate":"https:\/\/cqde.org\/en\/?s={search_term_string}"},"query-input":{"@type":"PropertyValueSpecification","valueRequired":true,"valueName":"search_term_string"}}],"inLanguage":"en-US"},{"@type":"Organization","@id":"https:\/\/cqde.org\/en\/#organization","name":"CQDE","alternateName":"Centre québécois du droit de l'environnement","url":"https:\/\/cqde.org\/en\/","logo":{"@type":"ImageObject","inLanguage":"en-US","@id":"https:\/\/cqde.org\/en\/#\/schema\/logo\/image\/","url":"https:\/\/cqde.org\/wp-content\/uploads\/2025\/02\/cqde-logo.svg","contentUrl":"https:\/\/cqde.org\/wp-content\/uploads\/2025\/02\/cqde-logo.svg","caption":"CQDE"},"image":{"@id":"https:\/\/cqde.org\/en\/#\/schema\/logo\/image\/"}}]}</script>
<!-- / Yoast SEO plugin. -->

Sébastien Brodeur-Girard | CQDE

Sébastien Brodeur-Girard is a member of the Barreau du Québec (Quebec bar association) and a professor at the School of Indigenous Studies of Université du Québec en Abitibi-Témiscamingue (UQAT), where he teaches, among other things, the law of Indigenous peoples and Indigenous legal systems. He holds a doctorate in history from École des Hautes Études [&hellip;]

Centre québécois du droit de l'environnement
