{"id":20827,"date":"2021-07-19T11:53:27","date_gmt":"2021-07-19T15:53:27","guid":{"rendered":"https:\/\/cqde.org\/personne\/christopher-campbell-durufle\/"},"modified":"2025-05-23T16:04:43","modified_gmt":"2025-05-23T20:04:43","slug":"christopher-campbell-durufle","status":"publish","type":"personne","link":"https:\/\/cqde.org\/en\/personne\/christopher-campbell-durufle\/","title":{"rendered":"Christopher Campbell-Durufl\u00e9"},"content":{"rendered":"<p>Christopher Campbell-Durufl\u00e9 has been a member of the Barreau du Qu\u00e9bec (Quebec bar association) since 2010 and is a doctoral candidate at the University of Toronto. He holds a bachelor of laws degree from McGill University and a master of laws degree in international human rights law from the University of Notre-Dame and was a research lawyer at the Court of Appeal of Quebec for the former Chief Justice of Quebec, the Honourable J.J. Michel Robert. He was also a Banting Postdoctoral Research Fellow at Cambridge University.<\/p>\n<p>Me Campbell-Durufl\u00e9\u2019s research focuses on the accountability mechanisms of the 2015 Paris Agreement on climate change and was funded by the Pierre Elliott Trudeau Foundation and the Social Science and Humanities Research Council of Canada (Joseph-Armand Bombardier Scholarship). He was accredited to the United Nations climate negotiations from 2015 to 2019, where he was a member of the Burkina Faso delegation and represented the Centre for International Sustainable Development Law.<\/p>\n<p>Me Campbell-Durufl\u00e9 has also worked as a lawyer at the Inter-American Commission on Human Rights and at the office of Lawyers Without Borders Canada in Colombia and was a member of the team of the Clinique internationale de d\u00e9fense des droits humains de l\u2019UQ\u00c0M (UQAM international human rights clinic, or CIDDHU) as a lawyer-supervisor for the case of Nad\u00e8ge Dorzema et al. v. Dominican Republic.<\/p>\n","protected":false},"featured_media":19196,"template":"","meta":{"_acf_changed":false},"departement":[943],"class_list":["post-20827","personne","type-personne","status-publish","has-post-thumbnail","hentry","departement-legal-committee"],"acf":[],"yoast_head":"<!-- This site is optimized with the Yoast SEO plugin v27.5 - https:\/\/yoast.com\/product\/yoast-seo-wordpress\/ -->\n<title>Christopher Campbell-Durufl\u00e9 | CQDE<\/title>\n<meta name=\"robots\" content=\"index, follow, max-snippet:-1, max-image-preview:large, max-video-preview:-1\" \/>\n<link rel=\"canonical\" href=\"https:\/\/cqde.org\/en\/personne\/christopher-campbell-durufle\/\" \/>\n<meta property=\"og:locale\" content=\"en_US\" \/>\n<meta property=\"og:type\" content=\"article\" \/>\n<meta property=\"og:title\" content=\"Christopher Campbell-Durufl\u00e9 | CQDE\" \/>\n<meta property=\"og:description\" content=\"Christopher Campbell-Durufl\u00e9 has been a member of the Barreau du Qu\u00e9bec (Quebec bar association) since 2010 and is a doctoral candidate at the University of Toronto. He holds a bachelor of laws degree from McGill University and a master of laws degree in international human rights law from the University of Notre-Dame and was a [&hellip;]\" \/>\n<meta property=\"og:url\" content=\"https:\/\/cqde.org\/en\/personne\/christopher-campbell-durufle\/\" \/>\n<meta property=\"og:site_name\" content=\"CQDE - Ensemble, pour un droit au service de l&#039;environnement\" \/>\n<meta property=\"article:modified_time\" content=\"2025-05-23T20:04:43+00:00\" \/>\n<meta property=\"og:image\" content=\"https:\/\/cqde.org\/wp-content\/uploads\/2021\/07\/christopher_campbell_durufle-scaled-2-1.jpg\" \/>\n\t<meta property=\"og:image:width\" content=\"2560\" \/>\n\t<meta property=\"og:image:height\" content=\"2345\" \/>\n\t<meta property=\"og:image:type\" content=\"image\/jpeg\" \/>\n<meta name=\"twitter:card\" content=\"summary_large_image\" \/>\n<meta name=\"twitter:label1\" content=\"Est. reading time\" \/>\n\t<meta name=\"twitter:data1\" content=\"2 minutes\" \/>\n<script type=\"application\/ld+json\" class=\"yoast-schema-graph\">{\"@context\":\"https:\\\/\\\/schema.org\",\"@graph\":[{\"@type\":\"WebPage\",\"@id\":\"https:\\\/\\\/cqde.org\\\/en\\\/personne\\\/christopher-campbell-durufle\\\/\",\"url\":\"https:\\\/\\\/cqde.org\\\/en\\\/personne\\\/christopher-campbell-durufle\\\/\",\"name\":\"Christopher Campbell-Durufl\u00e9 | CQDE\",\"isPartOf\":{\"@id\":\"https:\\\/\\\/cqde.org\\\/en\\\/#website\"},\"primaryImageOfPage\":{\"@id\":\"https:\\\/\\\/cqde.org\\\/en\\\/personne\\\/christopher-campbell-durufle\\\/#primaryimage\"},\"image\":{\"@id\":\"https:\\\/\\\/cqde.org\\\/en\\\/personne\\\/christopher-campbell-durufle\\\/#primaryimage\"},\"thumbnailUrl\":\"https:\\\/\\\/cqde.org\\\/wp-content\\\/uploads\\\/2021\\\/07\\\/christopher_campbell_durufle-scaled-2-1.jpg\",\"datePublished\":\"2021-07-19T15:53:27+00:00\",\"dateModified\":\"2025-05-23T20:04:43+00:00\",\"breadcrumb\":{\"@id\":\"https:\\\/\\\/cqde.org\\\/en\\\/personne\\\/christopher-campbell-durufle\\\/#breadcrumb\"},\"inLanguage\":\"en-US\",\"potentialAction\":[{\"@type\":\"ReadAction\",\"target\":[\"https:\\\/\\\/cqde.org\\\/en\\\/personne\\\/christopher-campbell-durufle\\\/\"]}]},{\"@type\":\"ImageObject\",\"inLanguage\":\"en-US\",\"@id\":\"https:\\\/\\\/cqde.org\\\/en\\\/personne\\\/christopher-campbell-durufle\\\/#primaryimage\",\"url\":\"https:\\\/\\\/cqde.org\\\/wp-content\\\/uploads\\\/2021\\\/07\\\/christopher_campbell_durufle-scaled-2-1.jpg\",\"contentUrl\":\"https:\\\/\\\/cqde.org\\\/wp-content\\\/uploads\\\/2021\\\/07\\\/christopher_campbell_durufle-scaled-2-1.jpg\",\"width\":2560,\"height\":2345},{\"@type\":\"BreadcrumbList\",\"@id\":\"https:\\\/\\\/cqde.org\\\/en\\\/personne\\\/christopher-campbell-durufle\\\/#breadcrumb\",\"itemListElement\":[{\"@type\":\"ListItem\",\"position\":1,\"name\":\"Home\",\"item\":\"https:\\\/\\\/cqde.org\\\/en\\\/\"},{\"@type\":\"ListItem\",\"position\":2,\"name\":\"Christopher Campbell-Durufl\u00e9\"}]},{\"@type\":\"WebSite\",\"@id\":\"https:\\\/\\\/cqde.org\\\/en\\\/#website\",\"url\":\"https:\\\/\\\/cqde.org\\\/en\\\/\",\"name\":\"CQDE\",\"description\":\"Ensemble, pour un droit au service de l&#039;environnement\",\"publisher\":{\"@id\":\"https:\\\/\\\/cqde.org\\\/en\\\/#organization\"},\"alternateName\":\"Centre qu\u00e9b\u00e9cois du droit de l'environnement\",\"potentialAction\":[{\"@type\":\"SearchAction\",\"target\":{\"@type\":\"EntryPoint\",\"urlTemplate\":\"https:\\\/\\\/cqde.org\\\/en\\\/?s={search_term_string}\"},\"query-input\":{\"@type\":\"PropertyValueSpecification\",\"valueRequired\":true,\"valueName\":\"search_term_string\"}}],\"inLanguage\":\"en-US\"},{\"@type\":\"Organization\",\"@id\":\"https:\\\/\\\/cqde.org\\\/en\\\/#organization\",\"name\":\"CQDE\",\"alternateName\":\"Centre qu\u00e9b\u00e9cois du droit de l'environnement\",\"url\":\"https:\\\/\\\/cqde.org\\\/en\\\/\",\"logo\":{\"@type\":\"ImageObject\",\"inLanguage\":\"en-US\",\"@id\":\"https:\\\/\\\/cqde.org\\\/en\\\/#\\\/schema\\\/logo\\\/image\\\/\",\"url\":\"https:\\\/\\\/cqde.org\\\/wp-content\\\/uploads\\\/2025\\\/02\\\/cqde-logo.svg\",\"contentUrl\":\"https:\\\/\\\/cqde.org\\\/wp-content\\\/uploads\\\/2025\\\/02\\\/cqde-logo.svg\",\"caption\":\"CQDE\"},\"image\":{\"@id\":\"https:\\\/\\\/cqde.org\\\/en\\\/#\\\/schema\\\/logo\\\/image\\\/\"}}]}<\/script>\n<!-- \/ Yoast SEO plugin. -->","yoast_head_json":{"title":"Christopher Campbell-Durufl\u00e9 | CQDE","robots":{"index":"index","follow":"follow","max-snippet":"max-snippet:-1","max-image-preview":"max-image-preview:large","max-video-preview":"max-video-preview:-1"},"canonical":"https:\/\/cqde.org\/en\/personne\/christopher-campbell-durufle\/","og_locale":"en_US","og_type":"article","og_title":"Christopher Campbell-Durufl\u00e9 | CQDE","og_description":"Christopher Campbell-Durufl\u00e9 has been a member of the Barreau du Qu\u00e9bec (Quebec bar association) since 2010 and is a doctoral candidate at the University of Toronto. He holds a bachelor of laws degree from McGill University and a master of laws degree in international human rights law from the University of Notre-Dame and was a [&hellip;]","og_url":"https:\/\/cqde.org\/en\/personne\/christopher-campbell-durufle\/","og_site_name":"CQDE - Ensemble, pour un droit au service de l&#039;environnement","article_modified_time":"2025-05-23T20:04:43+00:00","og_image":[{"width":2560,"height":2345,"url":"https:\/\/cqde.org\/wp-content\/uploads\/2021\/07\/christopher_campbell_durufle-scaled-2-1.jpg","type":"image\/jpeg"}],"twitter_card":"summary_large_image","twitter_misc":{"Est. reading time":"2 minutes"},"schema":{"@context":"https:\/\/schema.org","@graph":[{"@type":"WebPage","@id":"https:\/\/cqde.org\/en\/personne\/christopher-campbell-durufle\/","url":"https:\/\/cqde.org\/en\/personne\/christopher-campbell-durufle\/","name":"Christopher Campbell-Durufl\u00e9 | CQDE","isPartOf":{"@id":"https:\/\/cqde.org\/en\/#website"},"primaryImageOfPage":{"@id":"https:\/\/cqde.org\/en\/personne\/christopher-campbell-durufle\/#primaryimage"},"image":{"@id":"https:\/\/cqde.org\/en\/personne\/christopher-campbell-durufle\/#primaryimage"},"thumbnailUrl":"https:\/\/cqde.org\/wp-content\/uploads\/2021\/07\/christopher_campbell_durufle-scaled-2-1.jpg","datePublished":"2021-07-19T15:53:27+00:00","dateModified":"2025-05-23T20:04:43+00:00","breadcrumb":{"@id":"https:\/\/cqde.org\/en\/personne\/christopher-campbell-durufle\/#breadcrumb"},"inLanguage":"en-US","potentialAction":[{"@type":"ReadAction","target":["https:\/\/cqde.org\/en\/personne\/christopher-campbell-durufle\/"]}]},{"@type":"ImageObject","inLanguage":"en-US","@id":"https:\/\/cqde.org\/en\/personne\/christopher-campbell-durufle\/#primaryimage","url":"https:\/\/cqde.org\/wp-content\/uploads\/2021\/07\/christopher_campbell_durufle-scaled-2-1.jpg","contentUrl":"https:\/\/cqde.org\/wp-content\/uploads\/2021\/07\/christopher_campbell_durufle-scaled-2-1.jpg","width":2560,"height":2345},{"@type":"BreadcrumbList","@id":"https:\/\/cqde.org\/en\/personne\/christopher-campbell-durufle\/#breadcrumb","itemListElement":[{"@type":"ListItem","position":1,"name":"Home","item":"https:\/\/cqde.org\/en\/"},{"@type":"ListItem","position":2,"name":"Christopher Campbell-Durufl\u00e9"}]},{"@type":"WebSite","@id":"https:\/\/cqde.org\/en\/#website","url":"https:\/\/cqde.org\/en\/","name":"CQDE","description":"Ensemble, pour un droit au service de l&#039;environnement","publisher":{"@id":"https:\/\/cqde.org\/en\/#organization"},"alternateName":"Centre qu\u00e9b\u00e9cois du droit de l'environnement","potentialAction":[{"@type":"SearchAction","target":{"@type":"EntryPoint","urlTemplate":"https:\/\/cqde.org\/en\/?s={search_term_string}"},"query-input":{"@type":"PropertyValueSpecification","valueRequired":true,"valueName":"search_term_string"}}],"inLanguage":"en-US"},{"@type":"Organization","@id":"https:\/\/cqde.org\/en\/#organization","name":"CQDE","alternateName":"Centre qu\u00e9b\u00e9cois du droit de l'environnement","url":"https:\/\/cqde.org\/en\/","logo":{"@type":"ImageObject","inLanguage":"en-US","@id":"https:\/\/cqde.org\/en\/#\/schema\/logo\/image\/","url":"https:\/\/cqde.org\/wp-content\/uploads\/2025\/02\/cqde-logo.svg","contentUrl":"https:\/\/cqde.org\/wp-content\/uploads\/2025\/02\/cqde-logo.svg","caption":"CQDE"},"image":{"@id":"https:\/\/cqde.org\/en\/#\/schema\/logo\/image\/"}}]}},"_links":{"self":[{"href":"https:\/\/cqde.org\/en\/wp-json\/wp\/v2\/personne\/20827","targetHints":{"allow":["GET"]}}],"collection":[{"href":"https:\/\/cqde.org\/en\/wp-json\/wp\/v2\/personne"}],"about":[{"href":"https:\/\/cqde.org\/en\/wp-json\/wp\/v2\/types\/personne"}],"wp:featuredmedia":[{"embeddable":true,"href":"https:\/\/cqde.org\/en\/wp-json\/wp\/v2\/media\/19196"}],"wp:attachment":[{"href":"https:\/\/cqde.org\/en\/wp-json\/wp\/v2\/media?parent=20827"}],"wp:term":[{"taxonomy":"departement","embeddable":true,"href":"https:\/\/cqde.org\/en\/wp-json\/wp\/v2\/departement?post=20827"}],"curies":[{"name":"wp","href":"https:\/\/api.w.org\/{rel}","templated":true}]}}

Christopher Campbell-Duruflé

<p>Christopher Campbell-Duruflé has been a member of the Barreau du Québec (Quebec bar association) since 2010 and is a doctoral candidate at the University of Toronto. He holds a bachelor of laws degree from McGill University and a master of laws degree in international human rights law from the University of Notre-Dame and was a research lawyer at the Court of Appeal of Quebec for the former Chief Justice of Quebec, the Honourable J.J. Michel Robert. He was also a Banting Postdoctoral Research Fellow at Cambridge University.</p>
<p>Me Campbell-Duruflé’s research focuses on the accountability mechanisms of the 2015 Paris Agreement on climate change and was funded by the Pierre Elliott Trudeau Foundation and the Social Science and Humanities Research Council of Canada (Joseph-Armand Bombardier Scholarship). He was accredited to the United Nations climate negotiations from 2015 to 2019, where he was a member of the Burkina Faso delegation and represented the Centre for International Sustainable Development Law.</p>
<p>Me Campbell-Duruflé has also worked as a lawyer at the Inter-American Commission on Human Rights and at the office of Lawyers Without Borders Canada in Colombia and was a member of the team of the Clinique internationale de défense des droits humains de l’UQÀM (UQAM international human rights clinic, or CIDDHU) as a lawyer-supervisor for the case of Nadège Dorzema et al. v. Dominican Republic.</p>

<!-- This site is optimized with the Yoast SEO plugin v27.5 - https://yoast.com/product/yoast-seo-wordpress/ -->
<title>Christopher Campbell-Duruflé | CQDE</title>
<meta name="robots" content="index, follow, max-snippet:-1, max-image-preview:large, max-video-preview:-1" />
<link rel="canonical" href="https://cqde.org/en/personne/christopher-campbell-durufle/" />
<meta property="og:locale" content="en_US" />
<meta property="og:type" content="article" />
<meta property="og:title" content="Christopher Campbell-Duruflé | CQDE" />
<meta property="og:description" content="Christopher Campbell-Duruflé has been a member of the Barreau du Québec (Quebec bar association) since 2010 and is a doctoral candidate at the University of Toronto. He holds a bachelor of laws degree from McGill University and a master of laws degree in international human rights law from the University of Notre-Dame and was a [&hellip;]" />
<meta property="og:url" content="https://cqde.org/en/personne/christopher-campbell-durufle/" />
<meta property="og:site_name" content="CQDE - Ensemble, pour un droit au service de l&#039;environnement" />
<meta property="article:modified_time" content="2025-05-23T20:04:43+00:00" />
<meta property="og:image" content="https://cqde.org/wp-content/uploads/2021/07/christopher_campbell_durufle-scaled-2-1.jpg" />
	<meta property="og:image:width" content="2560" />
	<meta property="og:image:height" content="2345" />
	<meta property="og:image:type" content="image/jpeg" />
<meta name="twitter:card" content="summary_large_image" />
<meta name="twitter:label1" content="Est. reading time" />
	<meta name="twitter:data1" content="2 minutes" />
<script type="application/ld+json" class="yoast-schema-graph">{"@context":"https:\/\/schema.org","@graph":[{"@type":"WebPage","@id":"https:\/\/cqde.org\/en\/personne\/christopher-campbell-durufle\/","url":"https:\/\/cqde.org\/en\/personne\/christopher-campbell-durufle\/","name":"Christopher Campbell-Duruflé | CQDE","isPartOf":{"@id":"https:\/\/cqde.org\/en\/#website"},"primaryImageOfPage":{"@id":"https:\/\/cqde.org\/en\/personne\/christopher-campbell-durufle\/#primaryimage"},"image":{"@id":"https:\/\/cqde.org\/en\/personne\/christopher-campbell-durufle\/#primaryimage"},"thumbnailUrl":"https:\/\/cqde.org\/wp-content\/uploads\/2021\/07\/christopher_campbell_durufle-scaled-2-1.jpg","datePublished":"2021-07-19T15:53:27+00:00","dateModified":"2025-05-23T20:04:43+00:00","breadcrumb":{"@id":"https:\/\/cqde.org\/en\/personne\/christopher-campbell-durufle\/#breadcrumb"},"inLanguage":"en-US","potentialAction":[{"@type":"ReadAction","target":["https:\/\/cqde.org\/en\/personne\/christopher-campbell-durufle\/"]}]},{"@type":"ImageObject","inLanguage":"en-US","@id":"https:\/\/cqde.org\/en\/personne\/christopher-campbell-durufle\/#primaryimage","url":"https:\/\/cqde.org\/wp-content\/uploads\/2021\/07\/christopher_campbell_durufle-scaled-2-1.jpg","contentUrl":"https:\/\/cqde.org\/wp-content\/uploads\/2021\/07\/christopher_campbell_durufle-scaled-2-1.jpg","width":2560,"height":2345},{"@type":"BreadcrumbList","@id":"https:\/\/cqde.org\/en\/personne\/christopher-campbell-durufle\/#breadcrumb","itemListElement":[{"@type":"ListItem","position":1,"name":"Home","item":"https:\/\/cqde.org\/en\/"},{"@type":"ListItem","position":2,"name":"Christopher Campbell-Duruflé"}]},{"@type":"WebSite","@id":"https:\/\/cqde.org\/en\/#website","url":"https:\/\/cqde.org\/en\/","name":"CQDE","description":"Ensemble, pour un droit au service de l&#039;environnement","publisher":{"@id":"https:\/\/cqde.org\/en\/#organization"},"alternateName":"Centre québécois du droit de l'environnement","potentialAction":[{"@type":"SearchAction","target":{"@type":"EntryPoint","urlTemplate":"https:\/\/cqde.org\/en\/?s={search_term_string}"},"query-input":{"@type":"PropertyValueSpecification","valueRequired":true,"valueName":"search_term_string"}}],"inLanguage":"en-US"},{"@type":"Organization","@id":"https:\/\/cqde.org\/en\/#organization","name":"CQDE","alternateName":"Centre québécois du droit de l'environnement","url":"https:\/\/cqde.org\/en\/","logo":{"@type":"ImageObject","inLanguage":"en-US","@id":"https:\/\/cqde.org\/en\/#\/schema\/logo\/image\/","url":"https:\/\/cqde.org\/wp-content\/uploads\/2025\/02\/cqde-logo.svg","contentUrl":"https:\/\/cqde.org\/wp-content\/uploads\/2025\/02\/cqde-logo.svg","caption":"CQDE"},"image":{"@id":"https:\/\/cqde.org\/en\/#\/schema\/logo\/image\/"}}]}</script>
<!-- / Yoast SEO plugin. -->

Christopher Campbell-Duruflé | CQDE

Christopher Campbell-Duruflé has been a member of the Barreau du Québec (Quebec bar association) since 2010 and is a doctoral candidate at the University of Toronto. He holds a bachelor of laws degree from McGill University and a master of laws degree in international human rights law from the University of Notre-Dame and was a [&hellip;]

Centre québécois du droit de l'environnement
