{"id":20846,"date":"2022-01-14T16:10:51","date_gmt":"2022-01-14T20:10:51","guid":{"rendered":"https:\/\/cqde.org\/personne\/alain-tellier\/"},"modified":"2025-05-23T15:59:40","modified_gmt":"2025-05-23T19:59:40","slug":"alain-tellier","status":"publish","type":"personne","link":"https:\/\/cqde.org\/en\/personne\/alain-tellier\/","title":{"rendered":"Alain Tellier"},"content":{"rendered":"<p>Alain Tellier was a member of the Quebec Bar from 1988 to 2022. After briefly practicing environmental law in Montreal, he joined Canada&#8217;s Department of Foreign Affairs. Over the course of his career, which spans more than thirty years, he has made several moves within the department&#8217;s legal bureau, where he has served as: deputy director (1997-1999) then director (2016-2021) of the Environmental Law and Law of the Sea branch; deputy director for security and criminal law issues (2005-2007); and director of Treaty Law (2010-2012). He has served abroad on behalf of the department at Canada&#8217;s Permanent Mission to the UN in New York (1992-94), Canada&#8217;s Mission to the UN in Geneva (1999-2003), Canada&#8217;s Consulate General in Hong Kong (2007-2010) and Canada&#8217;s Joint Delegation to NATO (Brussels, 2012-2016). These diverse experiences have led him to work on a wide range of international environmental issues, both bilaterally and multilaterally. He holds a graduate diploma from the Universit\u00e9 de Montr\u00e9al and a master&#8217;s degree in Environmental Sciences from the Universit\u00e9 du Qu\u00e9bec \u00e0 Montr\u00e9al.<\/p>\n","protected":false},"featured_media":19385,"template":"","meta":{"_acf_changed":false},"departement":[943],"class_list":["post-20846","personne","type-personne","status-publish","has-post-thumbnail","hentry","departement-legal-committee"],"acf":[],"yoast_head":"<!-- This site is optimized with the Yoast SEO plugin v27.5 - https:\/\/yoast.com\/product\/yoast-seo-wordpress\/ -->\n<title>Alain Tellier | CQDE<\/title>\n<meta name=\"robots\" content=\"index, follow, max-snippet:-1, max-image-preview:large, max-video-preview:-1\" \/>\n<link rel=\"canonical\" href=\"https:\/\/cqde.org\/en\/personne\/alain-tellier\/\" \/>\n<meta property=\"og:locale\" content=\"en_US\" \/>\n<meta property=\"og:type\" content=\"article\" \/>\n<meta property=\"og:title\" content=\"Alain Tellier | CQDE\" \/>\n<meta property=\"og:description\" content=\"Alain Tellier was a member of the Quebec Bar from 1988 to 2022. After briefly practicing environmental law in Montreal, he joined Canada&#8217;s Department of Foreign Affairs. Over the course of his career, which spans more than thirty years, he has made several moves within the department&#8217;s legal bureau, where he has served as: deputy [&hellip;]\" \/>\n<meta property=\"og:url\" content=\"https:\/\/cqde.org\/en\/personne\/alain-tellier\/\" \/>\n<meta property=\"og:site_name\" content=\"CQDE - Ensemble, pour un droit au service de l&#039;environnement\" \/>\n<meta property=\"article:modified_time\" content=\"2025-05-23T19:59:40+00:00\" \/>\n<meta property=\"og:image\" content=\"https:\/\/cqde.org\/wp-content\/uploads\/2022\/01\/comite_juridique_cqde_alain_tellier-scaled-e1642194289314-2.jpg\" \/>\n\t<meta property=\"og:image:width\" content=\"1000\" \/>\n\t<meta property=\"og:image:height\" content=\"1333\" \/>\n\t<meta property=\"og:image:type\" content=\"image\/jpeg\" \/>\n<meta name=\"twitter:card\" content=\"summary_large_image\" \/>\n<meta name=\"twitter:label1\" content=\"Est. reading time\" \/>\n\t<meta name=\"twitter:data1\" content=\"1 minute\" \/>\n<script type=\"application\/ld+json\" class=\"yoast-schema-graph\">{\"@context\":\"https:\\\/\\\/schema.org\",\"@graph\":[{\"@type\":\"WebPage\",\"@id\":\"https:\\\/\\\/cqde.org\\\/en\\\/personne\\\/alain-tellier\\\/\",\"url\":\"https:\\\/\\\/cqde.org\\\/en\\\/personne\\\/alain-tellier\\\/\",\"name\":\"Alain Tellier | CQDE\",\"isPartOf\":{\"@id\":\"https:\\\/\\\/cqde.org\\\/en\\\/#website\"},\"primaryImageOfPage\":{\"@id\":\"https:\\\/\\\/cqde.org\\\/en\\\/personne\\\/alain-tellier\\\/#primaryimage\"},\"image\":{\"@id\":\"https:\\\/\\\/cqde.org\\\/en\\\/personne\\\/alain-tellier\\\/#primaryimage\"},\"thumbnailUrl\":\"https:\\\/\\\/cqde.org\\\/wp-content\\\/uploads\\\/2022\\\/01\\\/comite_juridique_cqde_alain_tellier-scaled-e1642194289314-2.jpg\",\"datePublished\":\"2022-01-14T20:10:51+00:00\",\"dateModified\":\"2025-05-23T19:59:40+00:00\",\"breadcrumb\":{\"@id\":\"https:\\\/\\\/cqde.org\\\/en\\\/personne\\\/alain-tellier\\\/#breadcrumb\"},\"inLanguage\":\"en-US\",\"potentialAction\":[{\"@type\":\"ReadAction\",\"target\":[\"https:\\\/\\\/cqde.org\\\/en\\\/personne\\\/alain-tellier\\\/\"]}]},{\"@type\":\"ImageObject\",\"inLanguage\":\"en-US\",\"@id\":\"https:\\\/\\\/cqde.org\\\/en\\\/personne\\\/alain-tellier\\\/#primaryimage\",\"url\":\"https:\\\/\\\/cqde.org\\\/wp-content\\\/uploads\\\/2022\\\/01\\\/comite_juridique_cqde_alain_tellier-scaled-e1642194289314-2.jpg\",\"contentUrl\":\"https:\\\/\\\/cqde.org\\\/wp-content\\\/uploads\\\/2022\\\/01\\\/comite_juridique_cqde_alain_tellier-scaled-e1642194289314-2.jpg\",\"width\":1000,\"height\":1333},{\"@type\":\"BreadcrumbList\",\"@id\":\"https:\\\/\\\/cqde.org\\\/en\\\/personne\\\/alain-tellier\\\/#breadcrumb\",\"itemListElement\":[{\"@type\":\"ListItem\",\"position\":1,\"name\":\"Home\",\"item\":\"https:\\\/\\\/cqde.org\\\/en\\\/\"},{\"@type\":\"ListItem\",\"position\":2,\"name\":\"Alain Tellier\"}]},{\"@type\":\"WebSite\",\"@id\":\"https:\\\/\\\/cqde.org\\\/en\\\/#website\",\"url\":\"https:\\\/\\\/cqde.org\\\/en\\\/\",\"name\":\"CQDE\",\"description\":\"Ensemble, pour un droit au service de l&#039;environnement\",\"publisher\":{\"@id\":\"https:\\\/\\\/cqde.org\\\/en\\\/#organization\"},\"alternateName\":\"Centre qu\u00e9b\u00e9cois du droit de l'environnement\",\"potentialAction\":[{\"@type\":\"SearchAction\",\"target\":{\"@type\":\"EntryPoint\",\"urlTemplate\":\"https:\\\/\\\/cqde.org\\\/en\\\/?s={search_term_string}\"},\"query-input\":{\"@type\":\"PropertyValueSpecification\",\"valueRequired\":true,\"valueName\":\"search_term_string\"}}],\"inLanguage\":\"en-US\"},{\"@type\":\"Organization\",\"@id\":\"https:\\\/\\\/cqde.org\\\/en\\\/#organization\",\"name\":\"CQDE\",\"alternateName\":\"Centre qu\u00e9b\u00e9cois du droit de l'environnement\",\"url\":\"https:\\\/\\\/cqde.org\\\/en\\\/\",\"logo\":{\"@type\":\"ImageObject\",\"inLanguage\":\"en-US\",\"@id\":\"https:\\\/\\\/cqde.org\\\/en\\\/#\\\/schema\\\/logo\\\/image\\\/\",\"url\":\"https:\\\/\\\/cqde.org\\\/wp-content\\\/uploads\\\/2025\\\/02\\\/cqde-logo.svg\",\"contentUrl\":\"https:\\\/\\\/cqde.org\\\/wp-content\\\/uploads\\\/2025\\\/02\\\/cqde-logo.svg\",\"caption\":\"CQDE\"},\"image\":{\"@id\":\"https:\\\/\\\/cqde.org\\\/en\\\/#\\\/schema\\\/logo\\\/image\\\/\"}}]}<\/script>\n<!-- \/ Yoast SEO plugin. -->","yoast_head_json":{"title":"Alain Tellier | CQDE","robots":{"index":"index","follow":"follow","max-snippet":"max-snippet:-1","max-image-preview":"max-image-preview:large","max-video-preview":"max-video-preview:-1"},"canonical":"https:\/\/cqde.org\/en\/personne\/alain-tellier\/","og_locale":"en_US","og_type":"article","og_title":"Alain Tellier | CQDE","og_description":"Alain Tellier was a member of the Quebec Bar from 1988 to 2022. After briefly practicing environmental law in Montreal, he joined Canada&#8217;s Department of Foreign Affairs. Over the course of his career, which spans more than thirty years, he has made several moves within the department&#8217;s legal bureau, where he has served as: deputy [&hellip;]","og_url":"https:\/\/cqde.org\/en\/personne\/alain-tellier\/","og_site_name":"CQDE - Ensemble, pour un droit au service de l&#039;environnement","article_modified_time":"2025-05-23T19:59:40+00:00","og_image":[{"width":1000,"height":1333,"url":"https:\/\/cqde.org\/wp-content\/uploads\/2022\/01\/comite_juridique_cqde_alain_tellier-scaled-e1642194289314-2.jpg","type":"image\/jpeg"}],"twitter_card":"summary_large_image","twitter_misc":{"Est. reading time":"1 minute"},"schema":{"@context":"https:\/\/schema.org","@graph":[{"@type":"WebPage","@id":"https:\/\/cqde.org\/en\/personne\/alain-tellier\/","url":"https:\/\/cqde.org\/en\/personne\/alain-tellier\/","name":"Alain Tellier | CQDE","isPartOf":{"@id":"https:\/\/cqde.org\/en\/#website"},"primaryImageOfPage":{"@id":"https:\/\/cqde.org\/en\/personne\/alain-tellier\/#primaryimage"},"image":{"@id":"https:\/\/cqde.org\/en\/personne\/alain-tellier\/#primaryimage"},"thumbnailUrl":"https:\/\/cqde.org\/wp-content\/uploads\/2022\/01\/comite_juridique_cqde_alain_tellier-scaled-e1642194289314-2.jpg","datePublished":"2022-01-14T20:10:51+00:00","dateModified":"2025-05-23T19:59:40+00:00","breadcrumb":{"@id":"https:\/\/cqde.org\/en\/personne\/alain-tellier\/#breadcrumb"},"inLanguage":"en-US","potentialAction":[{"@type":"ReadAction","target":["https:\/\/cqde.org\/en\/personne\/alain-tellier\/"]}]},{"@type":"ImageObject","inLanguage":"en-US","@id":"https:\/\/cqde.org\/en\/personne\/alain-tellier\/#primaryimage","url":"https:\/\/cqde.org\/wp-content\/uploads\/2022\/01\/comite_juridique_cqde_alain_tellier-scaled-e1642194289314-2.jpg","contentUrl":"https:\/\/cqde.org\/wp-content\/uploads\/2022\/01\/comite_juridique_cqde_alain_tellier-scaled-e1642194289314-2.jpg","width":1000,"height":1333},{"@type":"BreadcrumbList","@id":"https:\/\/cqde.org\/en\/personne\/alain-tellier\/#breadcrumb","itemListElement":[{"@type":"ListItem","position":1,"name":"Home","item":"https:\/\/cqde.org\/en\/"},{"@type":"ListItem","position":2,"name":"Alain Tellier"}]},{"@type":"WebSite","@id":"https:\/\/cqde.org\/en\/#website","url":"https:\/\/cqde.org\/en\/","name":"CQDE","description":"Ensemble, pour un droit au service de l&#039;environnement","publisher":{"@id":"https:\/\/cqde.org\/en\/#organization"},"alternateName":"Centre qu\u00e9b\u00e9cois du droit de l'environnement","potentialAction":[{"@type":"SearchAction","target":{"@type":"EntryPoint","urlTemplate":"https:\/\/cqde.org\/en\/?s={search_term_string}"},"query-input":{"@type":"PropertyValueSpecification","valueRequired":true,"valueName":"search_term_string"}}],"inLanguage":"en-US"},{"@type":"Organization","@id":"https:\/\/cqde.org\/en\/#organization","name":"CQDE","alternateName":"Centre qu\u00e9b\u00e9cois du droit de l'environnement","url":"https:\/\/cqde.org\/en\/","logo":{"@type":"ImageObject","inLanguage":"en-US","@id":"https:\/\/cqde.org\/en\/#\/schema\/logo\/image\/","url":"https:\/\/cqde.org\/wp-content\/uploads\/2025\/02\/cqde-logo.svg","contentUrl":"https:\/\/cqde.org\/wp-content\/uploads\/2025\/02\/cqde-logo.svg","caption":"CQDE"},"image":{"@id":"https:\/\/cqde.org\/en\/#\/schema\/logo\/image\/"}}]}},"_links":{"self":[{"href":"https:\/\/cqde.org\/en\/wp-json\/wp\/v2\/personne\/20846","targetHints":{"allow":["GET"]}}],"collection":[{"href":"https:\/\/cqde.org\/en\/wp-json\/wp\/v2\/personne"}],"about":[{"href":"https:\/\/cqde.org\/en\/wp-json\/wp\/v2\/types\/personne"}],"wp:featuredmedia":[{"embeddable":true,"href":"https:\/\/cqde.org\/en\/wp-json\/wp\/v2\/media\/19385"}],"wp:attachment":[{"href":"https:\/\/cqde.org\/en\/wp-json\/wp\/v2\/media?parent=20846"}],"wp:term":[{"taxonomy":"departement","embeddable":true,"href":"https:\/\/cqde.org\/en\/wp-json\/wp\/v2\/departement?post=20846"}],"curies":[{"name":"wp","href":"https:\/\/api.w.org\/{rel}","templated":true}]}}

<p>Alain Tellier was a member of the Quebec Bar from 1988 to 2022. After briefly practicing environmental law in Montreal, he joined Canada&#8217;s Department of Foreign Affairs. Over the course of his career, which spans more than thirty years, he has made several moves within the department&#8217;s legal bureau, where he has served as: deputy director (1997-1999) then director (2016-2021) of the Environmental Law and Law of the Sea branch; deputy director for security and criminal law issues (2005-2007); and director of Treaty Law (2010-2012). He has served abroad on behalf of the department at Canada&#8217;s Permanent Mission to the UN in New York (1992-94), Canada&#8217;s Mission to the UN in Geneva (1999-2003), Canada&#8217;s Consulate General in Hong Kong (2007-2010) and Canada&#8217;s Joint Delegation to NATO (Brussels, 2012-2016). These diverse experiences have led him to work on a wide range of international environmental issues, both bilaterally and multilaterally. He holds a graduate diploma from the Université de Montréal and a master&#8217;s degree in Environmental Sciences from the Université du Québec à Montréal.</p>

<!-- This site is optimized with the Yoast SEO plugin v27.5 - https://yoast.com/product/yoast-seo-wordpress/ -->
<title>Alain Tellier | CQDE</title>
<meta name="robots" content="index, follow, max-snippet:-1, max-image-preview:large, max-video-preview:-1" />
<link rel="canonical" href="https://cqde.org/en/personne/alain-tellier/" />
<meta property="og:locale" content="en_US" />
<meta property="og:type" content="article" />
<meta property="og:title" content="Alain Tellier | CQDE" />
<meta property="og:description" content="Alain Tellier was a member of the Quebec Bar from 1988 to 2022. After briefly practicing environmental law in Montreal, he joined Canada&#8217;s Department of Foreign Affairs. Over the course of his career, which spans more than thirty years, he has made several moves within the department&#8217;s legal bureau, where he has served as: deputy [&hellip;]" />
<meta property="og:url" content="https://cqde.org/en/personne/alain-tellier/" />
<meta property="og:site_name" content="CQDE - Ensemble, pour un droit au service de l&#039;environnement" />
<meta property="article:modified_time" content="2025-05-23T19:59:40+00:00" />
<meta property="og:image" content="https://cqde.org/wp-content/uploads/2022/01/comite_juridique_cqde_alain_tellier-scaled-e1642194289314-2.jpg" />
	<meta property="og:image:width" content="1000" />
	<meta property="og:image:height" content="1333" />
	<meta property="og:image:type" content="image/jpeg" />
<meta name="twitter:card" content="summary_large_image" />
<meta name="twitter:label1" content="Est. reading time" />
	<meta name="twitter:data1" content="1 minute" />
<script type="application/ld+json" class="yoast-schema-graph">{"@context":"https:\/\/schema.org","@graph":[{"@type":"WebPage","@id":"https:\/\/cqde.org\/en\/personne\/alain-tellier\/","url":"https:\/\/cqde.org\/en\/personne\/alain-tellier\/","name":"Alain Tellier | CQDE","isPartOf":{"@id":"https:\/\/cqde.org\/en\/#website"},"primaryImageOfPage":{"@id":"https:\/\/cqde.org\/en\/personne\/alain-tellier\/#primaryimage"},"image":{"@id":"https:\/\/cqde.org\/en\/personne\/alain-tellier\/#primaryimage"},"thumbnailUrl":"https:\/\/cqde.org\/wp-content\/uploads\/2022\/01\/comite_juridique_cqde_alain_tellier-scaled-e1642194289314-2.jpg","datePublished":"2022-01-14T20:10:51+00:00","dateModified":"2025-05-23T19:59:40+00:00","breadcrumb":{"@id":"https:\/\/cqde.org\/en\/personne\/alain-tellier\/#breadcrumb"},"inLanguage":"en-US","potentialAction":[{"@type":"ReadAction","target":["https:\/\/cqde.org\/en\/personne\/alain-tellier\/"]}]},{"@type":"ImageObject","inLanguage":"en-US","@id":"https:\/\/cqde.org\/en\/personne\/alain-tellier\/#primaryimage","url":"https:\/\/cqde.org\/wp-content\/uploads\/2022\/01\/comite_juridique_cqde_alain_tellier-scaled-e1642194289314-2.jpg","contentUrl":"https:\/\/cqde.org\/wp-content\/uploads\/2022\/01\/comite_juridique_cqde_alain_tellier-scaled-e1642194289314-2.jpg","width":1000,"height":1333},{"@type":"BreadcrumbList","@id":"https:\/\/cqde.org\/en\/personne\/alain-tellier\/#breadcrumb","itemListElement":[{"@type":"ListItem","position":1,"name":"Home","item":"https:\/\/cqde.org\/en\/"},{"@type":"ListItem","position":2,"name":"Alain Tellier"}]},{"@type":"WebSite","@id":"https:\/\/cqde.org\/en\/#website","url":"https:\/\/cqde.org\/en\/","name":"CQDE","description":"Ensemble, pour un droit au service de l&#039;environnement","publisher":{"@id":"https:\/\/cqde.org\/en\/#organization"},"alternateName":"Centre québécois du droit de l'environnement","potentialAction":[{"@type":"SearchAction","target":{"@type":"EntryPoint","urlTemplate":"https:\/\/cqde.org\/en\/?s={search_term_string}"},"query-input":{"@type":"PropertyValueSpecification","valueRequired":true,"valueName":"search_term_string"}}],"inLanguage":"en-US"},{"@type":"Organization","@id":"https:\/\/cqde.org\/en\/#organization","name":"CQDE","alternateName":"Centre québécois du droit de l'environnement","url":"https:\/\/cqde.org\/en\/","logo":{"@type":"ImageObject","inLanguage":"en-US","@id":"https:\/\/cqde.org\/en\/#\/schema\/logo\/image\/","url":"https:\/\/cqde.org\/wp-content\/uploads\/2025\/02\/cqde-logo.svg","contentUrl":"https:\/\/cqde.org\/wp-content\/uploads\/2025\/02\/cqde-logo.svg","caption":"CQDE"},"image":{"@id":"https:\/\/cqde.org\/en\/#\/schema\/logo\/image\/"}}]}</script>
<!-- / Yoast SEO plugin. -->

Centre québécois du droit de l'environnement
