{"id":20850,"date":"2025-05-23T09:48:38","date_gmt":"2025-05-23T13:48:38","guid":{"rendered":"https:\/\/cqde.org\/personne\/hugo-tremblay-2\/"},"modified":"2025-05-23T10:08:53","modified_gmt":"2025-05-23T14:08:53","slug":"hugo-tremblay-2","status":"publish","type":"personne","link":"https:\/\/cqde.org\/en\/personne\/hugo-tremblay-2\/","title":{"rendered":"Hugo Tremblay"},"content":{"rendered":"<p>Hugo Tremblay has been an assistant professor at the Universit\u00e9 de Montr\u00e9al\u2019s Faculty of Law since November 2014. His research focuses on the environmental laws on natural resources, energy and the environment.<\/p>\n<p>Prior to this, Hugo practiced professional liability and insurance law litigation for a few years. He was also an administrator and vice-president of the Quebec Center for Environmental Law, and worked at the World Water Council.<\/p>\n<p>Hugo is a graduate of McGill University (BA), Universit\u00e9 de Montr\u00e9al (LL.B.), Unniversit\u00e9 Laval (LL.M.), and the Center for Water Law, Policy and Science of the University of Dundee financed by the UNESCO (PhD). He completed a postdoctoral position at the Public Law Research Center of the Universit\u00e9 de Montr\u00e9al Faculty of Law. He has been a lawyer at the Law Society of Quebec since 2001<\/p>\n<p><span class=\"cta-orange\"><a href=\"http:\/\/droit.umontreal.ca\/faculte\/lequipe\/corps-professoral\/fiche\/in\/in19727\/sg\/Hugo%20Tremblay\/\" target=\"_blank\" rel=\"noopener noreferrer\">.<\/a><\/span><\/p>\n","protected":false},"featured_media":19242,"template":"","meta":{"_acf_changed":false},"departement":[944],"class_list":["post-20850","personne","type-personne","status-publish","has-post-thumbnail","hentry","departement-board-of-directors"],"acf":[],"yoast_head":"<!-- This site is optimized with the Yoast SEO plugin v27.5 - https:\/\/yoast.com\/product\/yoast-seo-wordpress\/ -->\n<title>Hugo Tremblay | CQDE<\/title>\n<meta name=\"robots\" content=\"index, follow, max-snippet:-1, max-image-preview:large, max-video-preview:-1\" \/>\n<link rel=\"canonical\" href=\"https:\/\/cqde.org\/en\/personne\/hugo-tremblay-2\/\" \/>\n<meta property=\"og:locale\" content=\"en_US\" \/>\n<meta property=\"og:type\" content=\"article\" \/>\n<meta property=\"og:title\" content=\"Hugo Tremblay | CQDE\" \/>\n<meta property=\"og:description\" content=\"Hugo Tremblay has been an assistant professor at the Universit\u00e9 de Montr\u00e9al\u2019s Faculty of Law since November 2014. His research focuses on the environmental laws on natural resources, energy and the environment. Prior to this, Hugo practiced professional liability and insurance law litigation for a few years. He was also an administrator and vice-president of [&hellip;]\" \/>\n<meta property=\"og:url\" content=\"https:\/\/cqde.org\/en\/personne\/hugo-tremblay-2\/\" \/>\n<meta property=\"og:site_name\" content=\"CQDE - Ensemble, pour un droit au service de l&#039;environnement\" \/>\n<meta property=\"article:modified_time\" content=\"2025-05-23T14:08:53+00:00\" \/>\n<meta property=\"og:image\" content=\"https:\/\/cqde.org\/wp-content\/uploads\/2021\/07\/Hugo-Tremblay-2.jpg\" \/>\n\t<meta property=\"og:image:width\" content=\"200\" \/>\n\t<meta property=\"og:image:height\" content=\"235\" \/>\n\t<meta property=\"og:image:type\" content=\"image\/jpeg\" \/>\n<meta name=\"twitter:card\" content=\"summary_large_image\" \/>\n<meta name=\"twitter:label1\" content=\"Est. reading time\" \/>\n\t<meta name=\"twitter:data1\" content=\"1 minute\" \/>\n<script type=\"application\/ld+json\" class=\"yoast-schema-graph\">{\"@context\":\"https:\\\/\\\/schema.org\",\"@graph\":[{\"@type\":\"WebPage\",\"@id\":\"https:\\\/\\\/cqde.org\\\/en\\\/personne\\\/hugo-tremblay-2\\\/\",\"url\":\"https:\\\/\\\/cqde.org\\\/en\\\/personne\\\/hugo-tremblay-2\\\/\",\"name\":\"Hugo Tremblay | CQDE\",\"isPartOf\":{\"@id\":\"https:\\\/\\\/cqde.org\\\/en\\\/#website\"},\"primaryImageOfPage\":{\"@id\":\"https:\\\/\\\/cqde.org\\\/en\\\/personne\\\/hugo-tremblay-2\\\/#primaryimage\"},\"image\":{\"@id\":\"https:\\\/\\\/cqde.org\\\/en\\\/personne\\\/hugo-tremblay-2\\\/#primaryimage\"},\"thumbnailUrl\":\"https:\\\/\\\/cqde.org\\\/wp-content\\\/uploads\\\/2021\\\/07\\\/Hugo-Tremblay-2.jpg\",\"datePublished\":\"2025-05-23T13:48:38+00:00\",\"dateModified\":\"2025-05-23T14:08:53+00:00\",\"breadcrumb\":{\"@id\":\"https:\\\/\\\/cqde.org\\\/en\\\/personne\\\/hugo-tremblay-2\\\/#breadcrumb\"},\"inLanguage\":\"en-US\",\"potentialAction\":[{\"@type\":\"ReadAction\",\"target\":[\"https:\\\/\\\/cqde.org\\\/en\\\/personne\\\/hugo-tremblay-2\\\/\"]}]},{\"@type\":\"ImageObject\",\"inLanguage\":\"en-US\",\"@id\":\"https:\\\/\\\/cqde.org\\\/en\\\/personne\\\/hugo-tremblay-2\\\/#primaryimage\",\"url\":\"https:\\\/\\\/cqde.org\\\/wp-content\\\/uploads\\\/2021\\\/07\\\/Hugo-Tremblay-2.jpg\",\"contentUrl\":\"https:\\\/\\\/cqde.org\\\/wp-content\\\/uploads\\\/2021\\\/07\\\/Hugo-Tremblay-2.jpg\",\"width\":200,\"height\":235},{\"@type\":\"BreadcrumbList\",\"@id\":\"https:\\\/\\\/cqde.org\\\/en\\\/personne\\\/hugo-tremblay-2\\\/#breadcrumb\",\"itemListElement\":[{\"@type\":\"ListItem\",\"position\":1,\"name\":\"Home\",\"item\":\"https:\\\/\\\/cqde.org\\\/en\\\/\"},{\"@type\":\"ListItem\",\"position\":2,\"name\":\"Hugo Tremblay\"}]},{\"@type\":\"WebSite\",\"@id\":\"https:\\\/\\\/cqde.org\\\/en\\\/#website\",\"url\":\"https:\\\/\\\/cqde.org\\\/en\\\/\",\"name\":\"CQDE\",\"description\":\"Ensemble, pour un droit au service de l&#039;environnement\",\"publisher\":{\"@id\":\"https:\\\/\\\/cqde.org\\\/en\\\/#organization\"},\"alternateName\":\"Centre qu\u00e9b\u00e9cois du droit de l'environnement\",\"potentialAction\":[{\"@type\":\"SearchAction\",\"target\":{\"@type\":\"EntryPoint\",\"urlTemplate\":\"https:\\\/\\\/cqde.org\\\/en\\\/?s={search_term_string}\"},\"query-input\":{\"@type\":\"PropertyValueSpecification\",\"valueRequired\":true,\"valueName\":\"search_term_string\"}}],\"inLanguage\":\"en-US\"},{\"@type\":\"Organization\",\"@id\":\"https:\\\/\\\/cqde.org\\\/en\\\/#organization\",\"name\":\"CQDE\",\"alternateName\":\"Centre qu\u00e9b\u00e9cois du droit de l'environnement\",\"url\":\"https:\\\/\\\/cqde.org\\\/en\\\/\",\"logo\":{\"@type\":\"ImageObject\",\"inLanguage\":\"en-US\",\"@id\":\"https:\\\/\\\/cqde.org\\\/en\\\/#\\\/schema\\\/logo\\\/image\\\/\",\"url\":\"https:\\\/\\\/cqde.org\\\/wp-content\\\/uploads\\\/2025\\\/02\\\/cqde-logo.svg\",\"contentUrl\":\"https:\\\/\\\/cqde.org\\\/wp-content\\\/uploads\\\/2025\\\/02\\\/cqde-logo.svg\",\"caption\":\"CQDE\"},\"image\":{\"@id\":\"https:\\\/\\\/cqde.org\\\/en\\\/#\\\/schema\\\/logo\\\/image\\\/\"}}]}<\/script>\n<!-- \/ Yoast SEO plugin. -->","yoast_head_json":{"title":"Hugo Tremblay | CQDE","robots":{"index":"index","follow":"follow","max-snippet":"max-snippet:-1","max-image-preview":"max-image-preview:large","max-video-preview":"max-video-preview:-1"},"canonical":"https:\/\/cqde.org\/en\/personne\/hugo-tremblay-2\/","og_locale":"en_US","og_type":"article","og_title":"Hugo Tremblay | CQDE","og_description":"Hugo Tremblay has been an assistant professor at the Universit\u00e9 de Montr\u00e9al\u2019s Faculty of Law since November 2014. His research focuses on the environmental laws on natural resources, energy and the environment. Prior to this, Hugo practiced professional liability and insurance law litigation for a few years. He was also an administrator and vice-president of [&hellip;]","og_url":"https:\/\/cqde.org\/en\/personne\/hugo-tremblay-2\/","og_site_name":"CQDE - Ensemble, pour un droit au service de l&#039;environnement","article_modified_time":"2025-05-23T14:08:53+00:00","og_image":[{"width":200,"height":235,"url":"https:\/\/cqde.org\/wp-content\/uploads\/2021\/07\/Hugo-Tremblay-2.jpg","type":"image\/jpeg"}],"twitter_card":"summary_large_image","twitter_misc":{"Est. reading time":"1 minute"},"schema":{"@context":"https:\/\/schema.org","@graph":[{"@type":"WebPage","@id":"https:\/\/cqde.org\/en\/personne\/hugo-tremblay-2\/","url":"https:\/\/cqde.org\/en\/personne\/hugo-tremblay-2\/","name":"Hugo Tremblay | CQDE","isPartOf":{"@id":"https:\/\/cqde.org\/en\/#website"},"primaryImageOfPage":{"@id":"https:\/\/cqde.org\/en\/personne\/hugo-tremblay-2\/#primaryimage"},"image":{"@id":"https:\/\/cqde.org\/en\/personne\/hugo-tremblay-2\/#primaryimage"},"thumbnailUrl":"https:\/\/cqde.org\/wp-content\/uploads\/2021\/07\/Hugo-Tremblay-2.jpg","datePublished":"2025-05-23T13:48:38+00:00","dateModified":"2025-05-23T14:08:53+00:00","breadcrumb":{"@id":"https:\/\/cqde.org\/en\/personne\/hugo-tremblay-2\/#breadcrumb"},"inLanguage":"en-US","potentialAction":[{"@type":"ReadAction","target":["https:\/\/cqde.org\/en\/personne\/hugo-tremblay-2\/"]}]},{"@type":"ImageObject","inLanguage":"en-US","@id":"https:\/\/cqde.org\/en\/personne\/hugo-tremblay-2\/#primaryimage","url":"https:\/\/cqde.org\/wp-content\/uploads\/2021\/07\/Hugo-Tremblay-2.jpg","contentUrl":"https:\/\/cqde.org\/wp-content\/uploads\/2021\/07\/Hugo-Tremblay-2.jpg","width":200,"height":235},{"@type":"BreadcrumbList","@id":"https:\/\/cqde.org\/en\/personne\/hugo-tremblay-2\/#breadcrumb","itemListElement":[{"@type":"ListItem","position":1,"name":"Home","item":"https:\/\/cqde.org\/en\/"},{"@type":"ListItem","position":2,"name":"Hugo Tremblay"}]},{"@type":"WebSite","@id":"https:\/\/cqde.org\/en\/#website","url":"https:\/\/cqde.org\/en\/","name":"CQDE","description":"Ensemble, pour un droit au service de l&#039;environnement","publisher":{"@id":"https:\/\/cqde.org\/en\/#organization"},"alternateName":"Centre qu\u00e9b\u00e9cois du droit de l'environnement","potentialAction":[{"@type":"SearchAction","target":{"@type":"EntryPoint","urlTemplate":"https:\/\/cqde.org\/en\/?s={search_term_string}"},"query-input":{"@type":"PropertyValueSpecification","valueRequired":true,"valueName":"search_term_string"}}],"inLanguage":"en-US"},{"@type":"Organization","@id":"https:\/\/cqde.org\/en\/#organization","name":"CQDE","alternateName":"Centre qu\u00e9b\u00e9cois du droit de l'environnement","url":"https:\/\/cqde.org\/en\/","logo":{"@type":"ImageObject","inLanguage":"en-US","@id":"https:\/\/cqde.org\/en\/#\/schema\/logo\/image\/","url":"https:\/\/cqde.org\/wp-content\/uploads\/2025\/02\/cqde-logo.svg","contentUrl":"https:\/\/cqde.org\/wp-content\/uploads\/2025\/02\/cqde-logo.svg","caption":"CQDE"},"image":{"@id":"https:\/\/cqde.org\/en\/#\/schema\/logo\/image\/"}}]}},"_links":{"self":[{"href":"https:\/\/cqde.org\/en\/wp-json\/wp\/v2\/personne\/20850","targetHints":{"allow":["GET"]}}],"collection":[{"href":"https:\/\/cqde.org\/en\/wp-json\/wp\/v2\/personne"}],"about":[{"href":"https:\/\/cqde.org\/en\/wp-json\/wp\/v2\/types\/personne"}],"wp:featuredmedia":[{"embeddable":true,"href":"https:\/\/cqde.org\/en\/wp-json\/wp\/v2\/media\/19242"}],"wp:attachment":[{"href":"https:\/\/cqde.org\/en\/wp-json\/wp\/v2\/media?parent=20850"}],"wp:term":[{"taxonomy":"departement","embeddable":true,"href":"https:\/\/cqde.org\/en\/wp-json\/wp\/v2\/departement?post=20850"}],"curies":[{"name":"wp","href":"https:\/\/api.w.org\/{rel}","templated":true}]}}

<p>Hugo Tremblay has been an assistant professor at the Université de Montréal’s Faculty of Law since November 2014. His research focuses on the environmental laws on natural resources, energy and the environment.</p>
<p>Prior to this, Hugo practiced professional liability and insurance law litigation for a few years. He was also an administrator and vice-president of the Quebec Center for Environmental Law, and worked at the World Water Council.</p>
<p>Hugo is a graduate of McGill University (BA), Université de Montréal (LL.B.), Unniversité Laval (LL.M.), and the Center for Water Law, Policy and Science of the University of Dundee financed by the UNESCO (PhD). He completed a postdoctoral position at the Public Law Research Center of the Université de Montréal Faculty of Law. He has been a lawyer at the Law Society of Quebec since 2001</p>
<p><span class="cta-orange"><a href="http://droit.umontreal.ca/faculte/lequipe/corps-professoral/fiche/in/in19727/sg/Hugo%20Tremblay/" target="_blank" rel="noopener noreferrer">.</a></span></p>

<!-- This site is optimized with the Yoast SEO plugin v27.5 - https://yoast.com/product/yoast-seo-wordpress/ -->
<title>Hugo Tremblay | CQDE</title>
<meta name="robots" content="index, follow, max-snippet:-1, max-image-preview:large, max-video-preview:-1" />
<link rel="canonical" href="https://cqde.org/en/personne/hugo-tremblay-2/" />
<meta property="og:locale" content="en_US" />
<meta property="og:type" content="article" />
<meta property="og:title" content="Hugo Tremblay | CQDE" />
<meta property="og:description" content="Hugo Tremblay has been an assistant professor at the Université de Montréal’s Faculty of Law since November 2014. His research focuses on the environmental laws on natural resources, energy and the environment. Prior to this, Hugo practiced professional liability and insurance law litigation for a few years. He was also an administrator and vice-president of [&hellip;]" />
<meta property="og:url" content="https://cqde.org/en/personne/hugo-tremblay-2/" />
<meta property="og:site_name" content="CQDE - Ensemble, pour un droit au service de l&#039;environnement" />
<meta property="article:modified_time" content="2025-05-23T14:08:53+00:00" />
<meta property="og:image" content="https://cqde.org/wp-content/uploads/2021/07/Hugo-Tremblay-2.jpg" />
	<meta property="og:image:width" content="200" />
	<meta property="og:image:height" content="235" />
	<meta property="og:image:type" content="image/jpeg" />
<meta name="twitter:card" content="summary_large_image" />
<meta name="twitter:label1" content="Est. reading time" />
	<meta name="twitter:data1" content="1 minute" />
<script type="application/ld+json" class="yoast-schema-graph">{"@context":"https:\/\/schema.org","@graph":[{"@type":"WebPage","@id":"https:\/\/cqde.org\/en\/personne\/hugo-tremblay-2\/","url":"https:\/\/cqde.org\/en\/personne\/hugo-tremblay-2\/","name":"Hugo Tremblay | CQDE","isPartOf":{"@id":"https:\/\/cqde.org\/en\/#website"},"primaryImageOfPage":{"@id":"https:\/\/cqde.org\/en\/personne\/hugo-tremblay-2\/#primaryimage"},"image":{"@id":"https:\/\/cqde.org\/en\/personne\/hugo-tremblay-2\/#primaryimage"},"thumbnailUrl":"https:\/\/cqde.org\/wp-content\/uploads\/2021\/07\/Hugo-Tremblay-2.jpg","datePublished":"2025-05-23T13:48:38+00:00","dateModified":"2025-05-23T14:08:53+00:00","breadcrumb":{"@id":"https:\/\/cqde.org\/en\/personne\/hugo-tremblay-2\/#breadcrumb"},"inLanguage":"en-US","potentialAction":[{"@type":"ReadAction","target":["https:\/\/cqde.org\/en\/personne\/hugo-tremblay-2\/"]}]},{"@type":"ImageObject","inLanguage":"en-US","@id":"https:\/\/cqde.org\/en\/personne\/hugo-tremblay-2\/#primaryimage","url":"https:\/\/cqde.org\/wp-content\/uploads\/2021\/07\/Hugo-Tremblay-2.jpg","contentUrl":"https:\/\/cqde.org\/wp-content\/uploads\/2021\/07\/Hugo-Tremblay-2.jpg","width":200,"height":235},{"@type":"BreadcrumbList","@id":"https:\/\/cqde.org\/en\/personne\/hugo-tremblay-2\/#breadcrumb","itemListElement":[{"@type":"ListItem","position":1,"name":"Home","item":"https:\/\/cqde.org\/en\/"},{"@type":"ListItem","position":2,"name":"Hugo Tremblay"}]},{"@type":"WebSite","@id":"https:\/\/cqde.org\/en\/#website","url":"https:\/\/cqde.org\/en\/","name":"CQDE","description":"Ensemble, pour un droit au service de l&#039;environnement","publisher":{"@id":"https:\/\/cqde.org\/en\/#organization"},"alternateName":"Centre québécois du droit de l'environnement","potentialAction":[{"@type":"SearchAction","target":{"@type":"EntryPoint","urlTemplate":"https:\/\/cqde.org\/en\/?s={search_term_string}"},"query-input":{"@type":"PropertyValueSpecification","valueRequired":true,"valueName":"search_term_string"}}],"inLanguage":"en-US"},{"@type":"Organization","@id":"https:\/\/cqde.org\/en\/#organization","name":"CQDE","alternateName":"Centre québécois du droit de l'environnement","url":"https:\/\/cqde.org\/en\/","logo":{"@type":"ImageObject","inLanguage":"en-US","@id":"https:\/\/cqde.org\/en\/#\/schema\/logo\/image\/","url":"https:\/\/cqde.org\/wp-content\/uploads\/2025\/02\/cqde-logo.svg","contentUrl":"https:\/\/cqde.org\/wp-content\/uploads\/2025\/02\/cqde-logo.svg","caption":"CQDE"},"image":{"@id":"https:\/\/cqde.org\/en\/#\/schema\/logo\/image\/"}}]}</script>
<!-- / Yoast SEO plugin. -->

Hugo Tremblay has been an assistant professor at the Université de Montréal’s Faculty of Law since November 2014. His research focuses on the environmental laws on natural resources, energy and the environment. Prior to this, Hugo practiced professional liability and insurance law litigation for a few years. He was also an administrator and vice-president of [&hellip;]

Centre québécois du droit de l'environnement
